p be ((-42)/56)/((-1)/100). Calculate the highest common divisor of 50 and p.
25
Let g be 12/7 - (-4)/14. Suppose -g*v + 13 = -v. Let j be (-1 - 0/(-8))/((-2)/130). What is the highest common factor of v and j?
13
Let c(y) = y**2 + 4*y - 7. Let u be c(-6). Let f(v) = v**3 - 4*v**2 - 4*v - 4. Let m be f(u). What is the highest common divisor of m and 1?
1
Let d = -6 - -9. Let r = 5 + -1. Suppose -r*q = -2 - 10. Calculate the highest common factor of q and d.
3
Suppose -3*d + 141 = -39. Let q(a) = -a**2 - 10*a - 6. Let w be q(-7). Suppose -3 - w = -3*p. What is the greatest common factor of d and p?
6
Let k be 596/13 + (-4)/(-26). Let m = k - 14. What is the greatest common factor of m and 16?
16
Let d(n) = n**2 - 3*n - 1. Let h be d(6). What is the highest common divisor of 68 and h?
17
Let i(b) = -33*b**3 + 2*b + 1. Let v be i(-1). Suppose -5*q - 3*k + 22 = -k, 0 = 4*q - 2*k - v. Calculate the greatest common factor of 15 and q.
3
Suppose -2 = -k + 3*t + 22, -3*k - 4*t + 7 = 0. Suppose 2*d - k = -d. Suppose 0 = d*y + 32 - 86. Calculate the highest common divisor of 54 and y.
18
Let l(v) = v**2 - 3*v - 1. Let u be l(3). Let g be (-4*5 - -1)*u. What is the highest common divisor of 171 and g?
19
Let a = 5 + -1. Suppose 2*x = -5*n + 4 + a, 5*n = x - 4. Suppose x*v + v = 55. Calculate the highest common divisor of v and 33.
11
Let t = -8 - -13. Suppose j + q = 3*q + 86, -418 = -t*j - 2*q. Let g = -17 + 29. What is the greatest common divisor of j and g?
12
Let b = -2 + 9. Let y = -25 - -32. Calculate the highest common factor of y and b.
7
Suppose -5*r = -r - 308. Suppose 19 = 2*y - r. Let q = -16 - -28. What is the greatest common factor of y and q?
12
Let t(b) = 3*b**2 + 2*b. Let p be t(-4). Let q(i) = 9*i**2 - 2*i - 1. Let u be q(-1). Calculate the greatest common factor of u and p.
10
Suppose 36 = 3*l - 138. Suppose -2*i + l = -162. Calculate the greatest common divisor of i and 22.
22
Let g(m) = m**2 + 5*m - 5. Let v be g(-7). Calculate the highest common divisor of v and 6.
3
Let t(d) = -d + 19. Let i be t(-8). Calculate the greatest common divisor of 3 and i.
3
Let h = 13 - -4. Let l be 2/(-4)*2*-5. Suppose 40 = -l*j + 125. Calculate the greatest common factor of h and j.
17
Let c(n) = n**2 - 3. Let i be c(-3). Calculate the highest common factor of 6 and i.
6
Suppose -22*h = -20*h - 16. What is the highest common factor of h and 28?
4
Let r = 85 + -1. Suppose 4*f + f = 105. Calculate the highest common divisor of f and r.
21
Let f be (36/(-10))/((-5)/25). Let g be 10/6 + 6/f. Suppose 3 = g*m + 1. What is the greatest common factor of m and 1?
1
Let j(i) = 21*i**2 - 6*i - 10. Let o(k) = 42*k**2 - 12*k - 21. Let l(n) = 5*j(n) - 2*o(n). Let c be l(-4). What is the greatest common factor of 32 and c?
32
Let h(b) = 3*b**3 - 5*b**2 + 5*b - 2. Let i be h(3). Let j = i - -99. Let w = 247 - j. What is the highest common divisor of 11 and w?
11
Suppose -4 = 4*s - 0*s, -s = 3*w + 61. Let y = -2 - w. Suppose 0 = t - a - 9, 4*a = t + 8*a - 9. What is the greatest common divisor of y and t?
9
Let c be (-2904)/54 - 2/9. Let h be c/(-6) - (0 - -1). Calculate the greatest common divisor of 2 and h.
2
Let y be (-3)/(2 - -1) - -41. Suppose 0 = 2*q - y - 16. Let o(m) = -m**3 + 8*m**2 - m. Let i be o(7). What is the greatest common divisor of q and i?
14
Let m = -57 - -64. What is the greatest common divisor of 7 and m?
7
Suppose 2*y + 3*a - 86 = 131, -5*y + a = -500. Let j = -75 - -24. Let r = y + j. Calculate the greatest common factor of 10 and r.
10
Suppose 39*k - 11*k = 336. Let x = 7 + -3. Calculate the highest common divisor of x and k.
4
Let m be (-2)/16 - (-9606)/48. Calculate the highest common divisor of m and 25.
25
Let w be -20*((-18)/(-15))/(-3). Suppose f - 3*n = 111, -2*n = 2*f - 222 + w. What is the highest common divisor of f and 12?
12
Let u = 146 - -18. Suppose -u = -3*b + 5*w, 0*b + 3*w = 3*b - 156. Calculate the highest common factor of b and 12.
12
Let d = -367 - -535. Calculate the highest common divisor of d and 21.
21
Let n(q) = 4*q - 12. Let k be n(9). What is the greatest common factor of 3 and k?
3
Suppose -5*z = -2*z - 5*v + 13, 5*z = 3*v + 5. Suppose 2*h = 4*r + 6, -r - 17 = -z*h + 23. What is the greatest common divisor of 11 and h?
11
Let r = -28 + 50. Suppose -r - 32 = -2*m. What is the greatest common divisor of 18 and m?
9
Let x be ((-129)/6)/(1/(-22)). What is the greatest common divisor of 43 and x?
43
Let b = 31 - 20. What is the greatest common factor of 88 and b?
11
Suppose -2*b - 12 = -6*b. Suppose b*s + 76 = 5*s. What is the highest common divisor of s and 19?
19
Let a be (-284)/(-2) - -1*2. Let c(n) = 7*n - 4*n + 0*n**2 + n**2. Let j be c(-6). What is the highest common factor of j and a?
18
Suppose -4*w = 5*o - 37, 6*o - 23 = 2*o - w. Let u = 19 - -1. What is the highest common divisor of o and u?
5
Let y = 8 + -6. Let t be (2 - -1)/(-1 + y). Let i be 3 + 14 + (t - 6). Calculate the highest common divisor of i and 7.
7
Let q = 73 - 60. Calculate the greatest common divisor of q and 104.
13
Let v = 68 - 14. Suppose w = -3*w + 144. Calculate the highest common divisor of v and w.
18
Let u = 4 - 2. Suppose n + 5 = 2*i - 0, -u*n - 2 = -2*i. Calculate the highest common divisor of 6 and n.
3
Let k = 32 + -5. Let o be 0 + 0 + (2 - -2). Suppose -4*a + 1 = 2*p - 1, 5*a = -o*p + 7. What is the greatest common divisor of k and p?
3
Let f = 125 - -34. Suppose 2*b - b = 4. Suppose -f = -4*w - 3*y, 0 = 3*w + b*y - 80 - 48. Calculate the greatest common factor of 24 and w.
12
Let z(l) = 9*l**2 - 9*l - 12*l**2 - 4*l**2 - l**3 + l. Let x be z(-6). What is the greatest common divisor of 36 and x?
12
Let r = 120 - 32. What is the greatest common divisor of r and 8?
8
Let h = 19 - 13. Suppose 0*l + h = 3*l. Calculate the highest common factor of 2 and l.
2
Let w be ((-1144)/12)/(-2 - 4/(-3)). Calculate the highest common factor of w and 11.
11
Let x be (-1 - 2) + (45 - 32). What is the highest common divisor of x and 6?
2
Let b be 2*(-3)/(-6)*13. Suppose -2*i = -i - b. What is the greatest common divisor of i and 39?
13
Suppose 2*m - 1 - 1 = 2*o, 5*m - 2*o = 11. Calculate the greatest common factor of 2 and m.
1
Let y(c) = c**2 - 5*c + 3. Let u be y(2). Let v = 5 + u. Suppose -x + 2*j = 3 - 15, 3*j + 3 = 0. What is the greatest common factor of v and x?
2
Suppose 0 = -h - 2*q + q + 55, 3*h = 5*q + 205. What is the highest common factor of h and 15?
15
Let k = -15 + 37. What is the highest common factor of 2 and k?
2
Let t be (-4)/18 + 3048/108. Calculate the highest common divisor of t and 84.
28
Suppose -6*k = -7*k + 351. Let p = k + -230. Calculate the greatest common factor of p and 11.
11
Suppose 2*h = 3*h - 13. Calculate the greatest common factor of 143 and h.
13
Suppose 4*l - l = -2*g + 21, -1 = -2*l + 3*g. Suppose -4 + 19 = l*u. What is the highest common divisor of 2 and u?
1
Suppose 2 = -l, -2*c + 3*c - 43 = -l. Suppose -h = -0*h - c. Let s be 462/30 - 2/5. What is the highest common factor of h and s?
15
Let o be 153/2 - (-2)/4. Suppose -12*s = -13*s + 7. What is the greatest common divisor of o and s?
7
Let j(a) = 38*a - 1. Let f be j(3). Let x = f - -6. Let w be ((-51)/(-9))/((-2)/(-6)). What is the highest common divisor of w and x?
17
Suppose -4*n = -5*f + 2 - 62, 0 = -2*n + 5*f + 40. Let s be -3*(-3)/(4 - 1). Suppose s*k + 1 = 13. Calculate the greatest common factor of k and n.
2
Suppose -3*t = -12, -33 + 9 = -4*n + 2*t. What is the greatest common factor of 64 and n?
8
Suppose 5*y = -31 - 74. Let q be (y/(-15) + -2)*-15. What is the greatest common divisor of q and 9?
9
Let n be (1/(-2))/((-2)/16). Suppose -2*s + 3*j + 0 + 9 = 0, -j - 33 = -n*s. What is the greatest common factor of s and 27?
9
Let d be -2 - ((-248)/8)/((-1)/(-4)). Calculate the greatest common factor of d and 305.
61
Let h = -2 - -9. Calculate the greatest common divisor of 7 and h.
7
Let q = 84 - 46. Suppose -4*d - 228 = -8*d. Calculate the greatest common factor of d and q.
19
Suppose -3*m = 2*j + 7, 4*j - 5*m = 22 - 3. Suppose -2*t = -29 + j. Calculate the greatest common factor of 56 and t.
14
Let i = 36 - 21. What is the highest common divisor of i and 5?
5
Let s(w) = 24*w - 3. Let t be (0/(-2))/(-2) - -2. Let h be s(t). Calculate the grea